of 32465.
5, 43, 151
List the prime factors of 25067.
7, 3581
List the prime factors of 15172.
2, 3793
What are the prime factors of 5837?
13, 449
What are the prime factors of 886?
2, 443
What are the prime factors of 3991?
13, 307
List the prime factors of 1421.
7, 29
List the prime factors of 1357.
23, 59
What are the prime factors of 556?
2, 139
What are the prime factors of 55643?
7, 7949
List the prime factors of 3230.
2, 5, 17, 19
List the prime factors of 335.
5, 67
List the prime factors of 18355.
5, 3671
What are the prime factors of 8701?
7, 11, 113
What are the prime factors of 1848?
2, 3, 7, 11
List the prime factors of 3234.
2, 3, 7, 11
What are the prime factors of 11276?
2, 2819
What are the prime factors of 16216?
2, 2027
What are the prime factors of 53198?
2, 67, 397
What are the prime factors of 2228?
2, 557
What are the prime factors of 1074?
2, 3, 179
List the prime factors of 2987.
29, 103
What are the prime factors of 931?
7, 19
What are the prime factors of 4696?
2, 587
List the prime factors of 909.
3, 101
List the prime factors of 18586.
2, 9293
List the prime factors of 268.
2, 67
List the prime factors of 58568.
2, 7321
What are the prime factors of 27100?
2, 5, 271
What are the prime factors of 106?
2, 53
What are the prime factors of 490?
2, 5, 7
List the prime factors of 58757.
58757
List the prime factors of 30270.
2, 3, 5, 1009
What are the prime factors of 10202?
2, 5101
List the prime factors of 4822.
2, 2411
List the prime factors of 31153.
31153
List the prime factors of 42238.
2, 7, 431
List the prime factors of 285.
3, 5, 19
List the prime factors of 193.
193
What are the prime factors of 565?
5, 113
List the prime factors of 2038.
2, 1019
List the prime factors of 15507.
3, 1723
List the prime factors of 15849.
3, 587
List the prime factors of 2575.
5, 103
What are the prime factors of 2795?
5, 13, 43
What are the prime factors of 5720?
2, 5, 11, 13
List the prime factors of 5124.
2, 3, 7, 61
List the prime factors of 988.
2, 13, 19
List the prime factors of 50536.
2, 6317
List the prime factors of 11894.
2, 19, 313
What are the prime factors of 282?
2, 3, 47
What are the prime factors of 125?
5
List the prime factors of 48671.
7, 17, 409
List the prime factors of 12444.
2, 3, 17, 61
List the prime factors of 36093.
3, 53, 227
What are the prime factors of 1607?
1607
What are the prime factors of 11652?
2, 3, 971
List the prime factors of 1030.
2, 5, 103
What are the prime factors of 3409?
7, 487
List the prime factors of 7000.
2, 5, 7
List the prime factors of 47435.
5, 53, 179
What are the prime factors of 662?
2, 331
List the prime factors of 23736.
2, 3, 23, 43
List the prime factors of 59905.
5, 11981
What are the prime factors of 67033?
67033
What are the prime factors of 20526?
2, 3, 11, 311
List the prime factors of 2937.
3, 11, 89
What are the prime factors of 2384?
2, 149
List the prime factors of 7561.
7561
What are the prime factors of 19884?
2, 3, 1657
What are the prime factors of 765?
3, 5, 17
What are the prime factors of 2296?
2, 7, 41
What are the prime factors of 19365?
3, 5, 1291
List the prime factors of 2698.
2, 19, 71
List the prime factors of 1850.
2, 5, 37
What are the prime factors of 180744?
2, 3, 17, 443
List the prime factors of 7452.
2, 3, 23
What are the prime factors of 133?
7, 19
List the prime factors of 5857.
5857
List the prime factors of 68980.
2, 5, 3449
What are the prime factors of 1012?
2, 11, 23
What are the prime factors of 20231?
20231
List the prime factors of 2576.
2, 7, 23
List the prime factors of 5350.
2, 5, 107
List the prime factors of 2352.
2, 3, 7
List the prime factors of 63854.
2, 7, 4561
List the prime factors of 437.
19, 23
What are the prime factors of 11273?
11273
What are the prime factors of 3799?
29, 131
List the prime factors of 40640.
2, 5, 127
What are the prime factors of 612?
2, 3, 17
List the prime factors of 918.
2, 3, 17
What are the prime factors of 13068?
2, 3, 11
What are the prime factors of 5294?
2, 2647
List the prime factors of 15454.
2, 7727
List the prime factors of 16628.
2, 4157
What are the prime factors of 224?
2, 7
List the prime factors of 5223.
3, 1741
What are the prime factors of 14223?
3, 11, 431
What are the prime factors of 855?
3, 5, 19
What are the prime factors of 784?
2, 7
List the prime factors of 11009.
101, 109
List the prime factors of 3445.
5, 13, 53
What are the prime factors of 2913?
3, 971
What are the prime factors of 3684?
2, 3, 307
What are the prime factors of 2061?
3, 229
What are the prime factors of 12474?
2, 3, 7, 11
List the prime factors of 4534.
2, 2267
What are the prime factors of 21728?
2, 7, 97
What are the prime factors of 23444?
2, 5861
List the prime factors of 3981.
3, 1327
What are the prime factors of 15415?
5, 3083
What are the prime factors of 9180?
2, 3, 5, 17
List the prime factors of 3487.
11, 317
What are the prime factors of 204672?
2, 3, 13, 41
What are the prime factors of 10202?
2, 5101
List the prime factors of 525.
3, 5, 7
What are the prime factors of 56181?
3, 61, 307
List the prime factors of 610.
2, 5, 61
What are the prime factors of 1876?
2, 7, 67
What are the prime factors of 10731?
3, 7, 73
List the prime factors of 11946.
2, 3, 11, 181
List the prime factors of 640.
2, 5
What are the prime factors of 3732?
2, 3, 311
List the prime factors of 4216.
2, 17, 31
What are the prime factors of 10434?
2, 3, 37, 47
What are the prime factors of 49491?
3, 13, 47
What are the prime factors of 60312?
2, 3, 7, 359
List the prime factors of 310.
2, 5, 31
List the prime factors of 12679.
31, 409
List the prime factors of 18841.
83, 227
List the prime factors of 29844.
2, 3, 829
List the prime factors of 13505.
5, 37, 73
List the prime factors of 101.
101
List the prime factors of 971.
971
List the prime factors of 475.
5, 19
What are the prime factors of 4000?
2, 5
What are the prime factors of 8088?
2, 3, 337
List the prime factors of 27828.
2, 3, 773
What are the prime factors of 28359?
3, 23, 137
List the prime factors of 72463.
233, 311
What are the prime factors of 54041?
13, 4157
What are the prime factors of 148327?
23, 6449
What are the prime factors of 4715?
5, 23, 41
What are the prime factors of 3403?
41, 83
What are the prime factors of 26986?
2, 103, 131
What are the prime factors of 17061?
3, 11, 47
What are the prime factors of 2095?
5, 419
List the prime factors of 567.
3, 7
List the prime factors of 64.
2
What are the prime factors of 1224?
2, 3, 17
List the prime factors of 1703.
13, 131
What are the prime factors of 84517?
223, 379
What are the prime factors of 816?
2, 3, 17
What are the prime factors of 15614?
2, 37, 211
List the prime factors of 1472.
2, 23
List the prime factors of 1591.
37, 43
List the prime factors of 1366.
2, 683
List the prime factors of 4728.
2, 3, 197
List the prime factors of 52148.
2, 13037
List the prime factors of 49680.
2, 3, 5, 23
What are the prime factors of 3089?
3089
What are the prime factors of 2537?
43, 59
List the prime factors of 5229.
3, 7, 83
What are the prime factors of 12424?
2, 1553
List the prime factors of 13079.
11, 29, 41
List the prime factors of 13173.
3, 4391
List the prime factors of 1227.
3, 409
List the prime factors of 97059.
3, 32353
List the prime factors of 53106.
2, 3, 53, 167
What are the prime factors of 794?
2, 397
List the prime factors of 26088.
2, 3, 1087
What are the prime factors of 106315?
5, 11, 1933
List the prime factors of 1589.
7, 227
List the prime factors of 531.
3, 59
List the prime factors of 51102.
2, 3, 17, 167
List the prime factors of 1130.
2, 5, 113
What are the prime factors of 72310?
2, 5, 7, 1033
What are the prime factors of 933?
3, 311
List the prime factors of 13026.
2, 3, 13, 167
What are the prime factors of 19513?
13, 19, 79
List the prime factors of 952.
2, 7, 17
What are the prime factors of 18296?
2, 2287
List the prime factors of 10226.
2, 5113
What are the prime factors of 1350?
2, 3, 5
What are the prime factors of 6650?
2, 5, 7, 19
List the prime factors of 1620.
2, 3, 5
List the prime factors of 66594.
2, 3, 11, 1009
What are the prime factors of 30528?
2, 3, 53
List the prime factors of 4227.
3, 1409
What are the prime factors of 9114?
2, 3, 7, 31
Lis